*f = 4*n - 249. What is the tens digit of n?
5
Let s(p) = -4*p + 5. Let j be s(-4). Suppose w + h + j = 0, -2*w - 36 - 4 = 4*h. Let i = 39 + w. What is the units digit of i?
7
Let j be ((-21)/12 + 0)*-8. Let x = j - 28. What is the units digit of (-47)/(-7) - 4/x?
7
Suppose -5*r = 3*g + 92, -2*g - r + 5*r - 76 = 0. Let c = 44 + g. What is the tens digit of c?
1
Suppose 10 = 2*i, 6*h = 3*h + 5*i - 52. What is the tens digit of -38*(135/6)/h?
9
Suppose -7145 + 145 = -5*y. What is the tens digit of 18*(-4)/(-30)*y/15?
2
Let v(k) = -k**3 + 15*k**2 - 9*k + 22. What is the hundreds digit of v(7)?
3
Suppose 8*u - 29 = 35. Suppose -u*p - p = -450. What is the units digit of p?
0
Suppose 9692 = 37*u - 27937. What is the thousands digit of u?
1
Suppose -3*s + 32 = -19. Let m = s - 13. Suppose -4*j - m*y = -32, 0 = -5*j + y + 16 + 12. What is the units digit of j?
6
Let h be ((-1)/(-1))/(11/33). What is the units digit of (h/4)/((-2)/(-192))?
2
Let z(i) = 25 + 108*i + 2*i - 40*i. What is the units digit of z(2)?
5
Suppose -45*l + 50*l - 475 = 0. Suppose 0 = n - 3*f - l, -3*n - 3*f + 47 = -202. What is the units digit of n?
6
Suppose 63 = -4*a + 535. Let n = 317 - 215. Suppose 4*u - a - n = 0. What is the tens digit of u?
5
Let c be (-2)/3*(-45)/(-10). Let d = c - -8. Suppose -i - 3*i = -t - 71, -d*t + 59 = 3*i. What is the units digit of i?
8
Suppose -9*u - 12 = -12*u. Suppose -256 = -u*j + 3*l + 2*l, -2*j + 128 = 4*l. What is the tens digit of j?
6
Let h = 439 - 255. What is the tens digit of (-2)/(h/94 + -2)?
4
Let b(m) be the first derivative of -m**4/4 - 8*m**3/3 - 7*m**2/2 + m + 9. What is the units digit of b(-7)?
1
Let b be (266/57)/((-1)/9). What is the units digit of 39/(-2)*28/b?
3
Suppose 6*f - 3*u - 2 = 4*f, 3*u = -4*f + 22. Suppose q + 124 = 4*z - 4*q, 4*q = -f*z + 88. What is the units digit of z?
6
Suppose -3*x = -2*x - 39. Let v be -2 + x*(2 - -1). Suppose v = 5*g - 0*g. What is the tens digit of g?
2
Let l be ((-36)/27)/(1/(-72)). Suppose l = 4*u - 0*u. What is the units digit of u?
4
Suppose z - 2*z = 0. Suppose z = s + h, 0*h = s + 2*h. What is the units digit of (-62)/4*(s + -2)?
1
Suppose 8*k - 8 = 4*k. Suppose -50 - 23 = -k*u - 5*o, 3*u + 3*o - 132 = 0. What is the units digit of u?
9
Let h = -129 - -136. Suppose 32 = -h*q + 8*q. What is the tens digit of q?
3
What is the units digit of 3390/24*(10 - (-14)/7)?
5
Let a(g) = -87*g - 162. What is the units digit of a(-6)?
0
Suppose 0 = -4*y + 12, 0 = -5*s - 4*y - 2475 + 8517. What is the units digit of s?
6
Let j(o) = 346*o + 429. What is the hundreds digit of j(8)?
1
Suppose -168 = -2*b - 6*b. Suppose b*r = 23*r - 4. Suppose j + 3*z = 17, 5*j - 83 - r = -z. What is the tens digit of j?
1
Let l(d) = -d**2 + 6*d + 4. Let f(b) = -b**2 + 5*b + 4. Let p(i) = 3*f(i) - 4*l(i). Let v be p(9). What is the tens digit of (v - 2)/(4/(-14))?
2
Suppose -w = -5*w + 16. Suppose 12 = 5*m + f, -w*m - 2*f + 10 = -m. Suppose 2*z - 42 = -0*z - m*s, -13 = -z - 3*s. What is the units digit of z?
5
Suppose -3*b = -3*z + 3, -2*b + 55 = 5*z + 3*b. Let c = 3 + 0. Let k = z - c. What is the units digit of k?
3
Suppose 2*y = -6, -y - 9 - 9 = -5*c. Suppose -2*n + 326 = c*a, 228 = 2*a - n + 5*n. What is the tens digit of a?
0
Let f(c) = -c - 4. Let a be f(-9). Suppose a*h - 2*i - 216 = 0, -4*h + 3*i = 6*i - 159. What is the units digit of h?
2
Let h = 371 + -226. Let m = 3 + 0. Suppose 5*v = -j + 44, m*j + 2*v + 0*v = h. What is the tens digit of j?
4
Suppose -12 = 7*t - 33. Let r be -1 + -1*(-1 - -4). What is the units digit of -4 - -4 - (r + t)?
1
Let t = 26 - 14. Let u be t/66 + 108/11. What is the tens digit of 4/u + (-406)/(-35)?
1
What is the hundreds digit of 21/42 + (2085/6 - -2)?
3
What is the units digit of (13 - 2) + 4 + 2?
7
Let d(u) = -u + 1. Let k(h) = h**2 - 8*h + 2. Let v(a) = d(a) - k(a). Suppose 2 = f - 1. What is the units digit of v(f)?
1
Suppose -3*x + 3*r + 0 = -6, -x = 2*r - 2. Suppose -2*y - x*c + 714 = y, -1190 = -5*y + 5*c. What is the tens digit of y?
3
Let c(y) = -4 + y - 2*y**2 + 0*y**2 + 3*y**2. Let h = -103 - -106. What is the units digit of c(h)?
8
Let l = -26 + 26. Suppose l = d + 36 - 109. What is the units digit of d?
3
What is the hundreds digit of -192*(-4)/12*5?
3
Suppose 0*v = 4*s + 3*v - 10, -5*v = 3*s - 2. Suppose -4*k = -4*n + 28, 4*k - 15 = 2*n - 39. Let z = s + n. What is the units digit of z?
6
Suppose 3*s + 34 - 40 = 0. Suppose -3*g = s*b - 4*g - 54, -b + 9 = -5*g. What is the units digit of b?
9
Let p(a) = a**3 - 52*a**2 - 103*a + 38. What is the tens digit of p(54)?
0
Let n(o) = 269*o**3 + o**2 + 5*o + 7. Let q(d) = 135*d**3 + 2*d + 3. Let b(p) = -2*n(p) + 5*q(p). What is the tens digit of b(1)?
3
What is the tens digit of 5 + -8 - (-2 - 552)?
5
Let h = 105 + 3021. What is the thousands digit of h?
3
Suppose 112 = -2*t + 6*t. Suppose x + 13 = 2*j, 4*j - x = 3*x + t. What is the units digit of j?
6
Let p(l) = l + 18. Let h be p(0). Let u be h*2 - (-3 + 3). Let j = u + -17. What is the tens digit of j?
1
Let y(h) = 48*h**2 + 6*h - 5. What is the tens digit of y(-3)?
0
Let w(f) = -f**2 - 7*f + 11. Let n be w(-5). Suppose -402 = n*i - 24*i. Suppose -3*h + i = 4*q - h, 0 = 4*q + h - 137. What is the units digit of q?
5
Let o be -2*9/6 - 69. Let j be o/(-4)*1/2. Suppose j*s - 4*s - 195 = 0. What is the tens digit of s?
3
Let w(y) be the second derivative of y**4/12 - y**3/3 - 4*y**2 + 16*y. What is the units digit of w(-7)?
5
Suppose -6*y + 8*y = 264. Suppose 5*a + y + 28 = 0. Let x = -21 - a. What is the units digit of x?
1
Let a be (70/14)/((-1)/(-3)). Let k be 118/6 + 6/(-9). Let b = k - a. What is the units digit of b?
4
Suppose 4*f - 16 + 0 = 0. Let d be 3 - (f/4 - -2). Suppose d = 7*u - 2*u - 195. What is the units digit of u?
9
Suppose 6*s + 18 = 9*s. Let p(q) = 3*q**2 - 8*q + 47. What is the tens digit of p(s)?
0
Let m(t) = 2*t. Let i be m(-3). Let n be (2 + -5)/(i/(-20)). What is the units digit of n/25 - 224/(-10)?
2
Suppose 799 = c + 5*f, c - 2*f = -2*c + 2312. What is the units digit of c?
4
Let l = -11 - -16. Suppose f - 3*t + 28 - 77 = 0, 4*t = l*f - 223. What is the units digit of f?
3
Suppose -7*c + 11140 = -9944. What is the thousands digit of c?
3
Let n = 143 + 1128. What is the hundreds digit of n?
2
Let t(u) = 7*u + 13*u + 10 + 0*u**2 - u**2 - 15*u. Let g be t(6). Suppose v + 42 = g*v. What is the units digit of v?
4
Suppose 10788 = -0*j - 6*j. What is the tens digit of (-9)/(-36) - j/8?
2
Let a(i) = i**3 + 12*i**2 + 12*i - 1. Let m be a(-11). Let y be (0 - -3)*m/(-9). What is the units digit of ((-2)/y)/(1/(-6))?
3
Suppose -29 = -3*z - 5*g + 70, -2*z = 3*g - 65. Let o = 95 - z. What is the tens digit of o?
6
Let d(f) = 3*f**2 + 10*f + 1. Suppose 0 = 23*g - 27*g - 20. What is the units digit of d(g)?
6
Suppose 2 = s - 0. Suppose -2*q = s*q + 8. What is the tens digit of (q/(-4))/(2/148)?
3
Let r be 0*(-3)/((-6)/(-2)). Let h(k) = k**2 + k - 1. Let v be h(r). What is the tens digit of 3 + (-1)/(v/9)?
1
Suppose 2783 = -15*o + 4*o. Let r = 533 + o. What is the units digit of r?
0
Let d = -96 + 174. Suppose d = -4*a - 3*o + 16, -o + 87 = -5*a. Let l(i) = -i**2 - 17*i + 40. What is the tens digit of l(a)?
4
Let d(u) = u**3 + 5*u**2 - 3*u + 4. Let c be d(-5). Suppose -2*n + c = -43. Let i = n + -6. What is the units digit of i?
5
Suppose 2*h - 5 = 1. Suppose 5*y = -2*f, -4*f + h*y - 2*y = 0. What is the tens digit of (4 - (1 + f)) + 24?
2
Let n(u) = u**3 - 3*u**2 - u - 7. Let i be n(4). Suppose 3*w - i*o - 196 = 0, 131 = -0*w + 2*w - 3*o. What is the units digit of w?
7
Suppose 2*j - 1370 + 6134 = 5*d, 3*d = 4*j + 2850. What is the hundreds digit of d?
9
What is the tens digit of 2*(4 - (-7462)/4)?
3
Suppose 2*o + 2*o + 8 = 0. Let c = 0 - o. What is the units digit of 2*(c - (-3)/(-6))?
3
Let d be ((-2)/2)/((-3)/(-192)). Let k be (d/10)/((-8)/20). Let o = k - -13. What is the units digit of o?
9
What is the units digit of ((-9)/(-3))/((-2452)/(-612) - 4)?
9
Let a = 12 - 12. Suppose -4*i + 0*i + 16 = a. What is the units digit of 70/i - 2/4?
7
Let f(a) = 3*a**3 - a**2 - a + 318. Let g(q) = 2*q**3 - q**2 - q + 212. Let c(p) = 5*f(p) - 7*g(p). What is the units digit of c(0)?
6
Let f = -4846 + 8998. What is the units digit of f?
2
Let s be (2/(-5))/(-2 + (-11